1 prime?
False
Is 361477891 composite?
True
Is 13378063 a prime number?
True
Is 1282343 a composite number?
False
Is 43927643 composite?
True
Is 5842297 a prime number?
False
Is 30115387 prime?
True
Is 312094649 prime?
True
Is 1509127 a composite number?
False
Is 5757709 prime?
False
Is 163499771 prime?
True
Is 1349531 a composite number?
False
Is 6259367 a prime number?
True
Is 7659079 composite?
False
Is 13759019 a prime number?
False
Is 1966787 composite?
False
Is 301573 composite?
True
Is 10802207 a composite number?
True
Is 167479861 composite?
False
Is 13244033 prime?
False
Is 17940611 a prime number?
False
Is 150321241 a composite number?
True
Is 473393 a prime number?
False
Is 20100649 a prime number?
False
Is 4890827 a prime number?
True
Is 4155329 prime?
False
Is 7142479 prime?
True
Is 61478713 composite?
False
Is 4303331 a composite number?
True
Is 462443483 composite?
True
Is 65234969 a composite number?
True
Is 267286847 prime?
False
Is 2744963 prime?
False
Is 12056153 a prime number?
True
Is 17103497 prime?
True
Is 891283 a prime number?
False
Is 18874633 a composite number?
False
Is 24372598 a prime number?
False
Is 3264799 composite?
True
Is 8372153 composite?
False
Is 94544341 a composite number?
False
Is 8924891 a prime number?
False
Is 164665882 a composite number?
True
Is 9590809 prime?
True
Is 16629673 a composite number?
True
Is 1246961 prime?
True
Is 26807699 prime?
True
Is 2926823 prime?
True
Is 53199501 a prime number?
False
Is 1153199 prime?
True
Is 6590261 a prime number?
True
Is 12358793 composite?
False
Is 102701 composite?
False
Is 14224867 a prime number?
True
Is 5700847 a composite number?
False
Is 3377701 prime?
True
Is 13076221 a composite number?
True
Is 1159049 a prime number?
True
Is 146989118 a prime number?
False
Is 15885841 prime?
True
Is 131704217 a prime number?
True
Is 159826477 a prime number?
True
Is 93410579 composite?
False
Is 15262489 prime?
False
Is 4988101 a prime number?
False
Is 7990907 a prime number?
True
Is 7775213 a composite number?
False
Is 283619521 a prime number?
False
Is 214530593 a composite number?
False
Is 4908767 a prime number?
False
Is 5269021 prime?
True
Is 15324411 prime?
False
Is 2456971 prime?
False
Is 1584313 composite?
True
Is 67522493 a prime number?
True
Is 11239609 prime?
False
Is 208969 a prime number?
False
Is 83924363 a prime number?
True
Is 77003 a composite number?
False
Is 22728773 composite?
False
Is 2201807 prime?
True
Is 276525635 prime?
False
Is 64082533 prime?
False
Is 1099565447 a prime number?
True
Is 105131717 composite?
False
Is 198204817 a composite number?
False
Is 400539749 a prime number?
True
Is 4887581 composite?
False
Is 23752241 a prime number?
False
Is 111782381 prime?
True
Is 1688053 prime?
False
Is 3193111 composite?
True
Is 37132481 composite?
True
Is 34905083 prime?
True
Is 14958991 composite?
True
Is 30768601 composite?
False
Is 53265371 a composite number?
True
Is 37227493 prime?
True
Is 15597097 a composite number?
True
Is 12337331 composite?
False
Is 4576441 prime?
True
Is 134210789 a prime number?
False
Is 4218871 prime?
False
Is 468106309 a composite number?
True
Is 3924757 prime?
True
Is 4493261 prime?
True
Is 53626967 a prime number?
False
Is 23009611 prime?
True
Is 190840781 a composite number?
True
Is 24855047 prime?
False
Is 48765427 a prime number?
False
Is 16565767 a prime number?
True
Is 414338579 a composite number?
True
Is 45436991 composite?
False
Is 21367331 a composite number?
False
Is 37549621 a composite number?
True
Is 128135497 a prime number?
False
Is 10978183 composite?
False
Is 26536997 prime?
True
Is 12861419 composite?
False
Is 19106131 a prime number?
False
Is 53054187 prime?
False
Is 197766253 composite?
True
Is 21472645 composite?
True
Is 101084231 a prime number?
False
Is 4336061 composite?
False
Is 568260061 a composite number?
False
Is 23448127 prime?
False
Is 544095147 a prime number?
False
Is 41264123 a composite number?
False
Is 5336447 prime?
True
Is 965000503 composite?
False
Is 140666831 composite?
False
Is 46830589 prime?
False
Is 13451693 prime?
True
Is 887487973 prime?
True
Is 12601609 a prime number?
False
Is 531803 composite?
True
Is 318256909 prime?
True
Is 363503 composite?
True
Is 17575463 a composite number?
False
Is 44094203 composite?
True
Is 403089341 a prime number?
True
Is 3464893 composite?
True
Is 3758483 a composite number?
False
Is 952423 a prime number?
True
Is 34378427 composite?
True
Is 3932803 a composite number?
True
Is 2980669 a prime number?
True
Is 814577891 a prime number?
True
Is 20710541 composite?
False
Is 43823449 prime?
False
Is 3481373 a prime number?
False
Is 16838411 a prime number?
True
Is 16930031 a composite number?
True
Is 171805663 a composite number?
True
Is 1276349 a prime number?
False
Is 118686151 composite?
True
Is 13379543 composite?
False
Is 57072493 prime?
False
Is 588271 a composite number?
True
Is 818659 a composite number?
False
Is 7326133 prime?
False
Is 51699859 composite?
True
Is 89964781 prime?
False
Is 29639921 composite?
False
Is 83314921 prime?
False
Is 49579951 composite?
False
Is 34083209 prime?
False
Is 238097 composite?
True
Is 211131379 prime?
False
Is 3447253 composite?
True
Is 3274527 a composite number?
True
Is 14994197 a composite number?
False
Is 357007279 a composite number?
False
Is 108237083 a composite number?
True
Is 21003079 composite?
False
Is 6316831 a prime number?
False
Is 17401981 a composite number?
True
Is 227138827 a composite number?
True
Is 3375347 prime?
True
Is 130485139 prime?
True
Is 9649495 a composite number?
True
Is 6172499 a prime number?
True
Is 8128747 prime?
False
Is 618929 prime?
True
Is 3647873 composite?
False
Is 348074059 a prime number?
False
Is 4679849 a prime number?
True
Is 142480463 composite?
False
Is 11299877 prime?
False
Is 157499086 a composite number?
True
Is 20260371 prime?
False
Is 188086213 a composite number?
True
Is 3042157 a prime number?
True
Is 66142607 a composite number?
False
Is 67028869 a composite number?
True
Is 130788817 a prime number?
True
Is 44515339 a prime number?
False
Is 828557 prime?
True
Is 16788497 a composite number?
True
Is 51031 a composite number?
False
Is 598217 a composite number?
True
Is 39642137 a prime number?
True
Is 95953271 a composite number?
False
Is 10057189 a composite number?
False
Is 2937581 a prime number?
True
Is 6955477 a composite number?
False
Is 364103 a composite number?
False
Is 79812511 a composite number?
True
Is 123892889 composite?
True
Is 122484877 a composite number?
True
Is 388569943 a composite number?
False
Is 16182463 prime?
False
Is 1277173 prime?
False
Is 29456729 a prime number?
True
Is 170955721 composite?
False
Is 12935093 a composite number?
True
Is 176751898 composite?
True
Is 4245281 a composite number?
True
Is 3633829 composite?
True
Is 14278999 prime?
False
Is 118789927 a composite number?
True
Is 425670589 a prime number?
True
Is 1094425039 a prime number?
True
Is 136686041 composite?
True
Is 29753 a composite number?
False
Is 4590929 prime?
False
Is 11907187 a composite number?
False
Is 112956329 a composite number?
False
Is 20379041 a composite number?
False
Is 10125971 a prime number?
True
Is 592941953 composite?
False
Is 2578787 a prime number?
True
Is 6976813 a prime number?
False
Is 6554011 a prime number?
False
Is 52467907 a prime number?
False
Is 33894433 prime?
False
Is 59641583 a prime number?
False
Is 33806819 a prime number?
True
Is 7844909 composite?
True
Is 225928397 prime?
True
Is 5289721 composite?
False
Is 6049741 prime?
False
Is 6935557 a composite number?
True
Is 5958551 prime?
False
Is 170582449 composite?
False
Is 179340647 a composite number?
True
Is 7172093 a prime number?
True
Is 164348399 prime?
True
Is 1530437 a prime number?
False
Is 3659653 prime?
False
Is 59029769 composite?
False
Is 12316589 a composite number?
False
Is 454248607 a composite number?
True
Is 22422437 composite?
False
Is 823575821 a prime number?
False
Is 8912887 prime?
True
Is 8140703 a composite number?
True
Is 63716033 a prime number?
True
Is 252555767 prime?
True
Is 28477619 a composite number?
False
Is 52056061 a prime number?
False
Is 5428949 a composite number?
True
Is 13832333 composite?
True
Is 297658681 a prime num